{"id":247,"date":"2023-09-13T10:50:33","date_gmt":"2023-09-13T08:50:33","guid":{"rendered":"https:\/\/www.sentou2021.malibellule.com\/produit\/basic-blue-jeans\/"},"modified":"2025-04-07T16:30:08","modified_gmt":"2025-04-07T14:30:08","slug":"escalier-m400-roger-tallon-icone-design","status":"publish","type":"product","link":"https:\/\/sentou.fr\/el\/produit\/escalier-m400-roger-tallon-icone-design\/","title":{"rendered":"Escalier M400"},"content":{"rendered":"<p><strong style=\"font-weight: bold; color: #4f4f4f;\">Dimensions :<\/strong> Sur mesure<\/p>\n<p><strong style=\"font-weight: bold; color: #4f4f4f;\">Mat\u00e9riau : <\/strong>Fonte d&rsquo;aluminium poli<span style=\"color: #4f4f4f;\"><span style=\"color: #000000;\"><br \/>\n<\/span><\/span><\/p>\n<p><strong>Fabriqu\u00e9 en France\u00a0<\/strong><\/p>\n<p><strong>Les \u00e9ditions Sentou des escaliers ne sont pas des r\u00e9-\u00e9ditions mais la poursuite de l&rsquo;\u00e9dition suivant les m\u00eames techniques et les outillages d&rsquo;origine = il n&rsquo;existe aucune diff\u00e9rence entre les premi\u00e8res productions des ann\u00e9es 60 et celles d&rsquo;aujourd&rsquo;hui\u00a0<\/strong><\/p>","protected":false},"excerpt":{"rendered":"<p><strong>Ic\u00f4ne du Design sign\u00e9e Roger Tallon : <\/strong>L\u2019escalier M400, chef-d\u2019\u0153uvre iconique, est bien plus qu\u2019un simple \u00e9l\u00e9ment fonctionnel : c\u2019est une v\u00e9ritable sculpture a\u00e9rienne qui semble d\u00e9fier la gravit\u00e9. Imagin\u00e9 en 1966 par le visionnaire <a href=\"https:\/\/sentou.fr\/el\/roger-tallon\/\">Roger Tallon<\/a>, cet escalier incarne l\u2019\u00e9l\u00e9gance et la modernit\u00e9.<\/p>\n<p><strong>Un peu d\u2019histoire: <\/strong>Initialement con\u00e7u pour le CIFOM dans le cadre d\u2019un projet explorant les applications de la fonte d\u2019acier, l\u2019escalier M400 a rapidement rencontr\u00e9 un succ\u00e8s retentissant. D\u2019abord produit en acier, il a ensuite \u00e9t\u00e9 \u00e9dit\u00e9 en fonte d\u2019aluminium \u00e0 partir de 1968 par la galerie Lacloche, qui l\u2019a propos\u00e9 dans trois diam\u00e8tres diff\u00e9rents.<\/p>\n<p>En 1974, Roger Tallon a cr\u00e9\u00e9 une deuxi\u00e8me version, le mod\u00e8le TH, combinant des noyaux en aluminium et des marches en bois lamell\u00e9.<\/p>\n<p><strong>L\u2019h\u00e9ritage Sentou <\/strong>Depuis 1986, Sentou perp\u00e9tue l\u2019h\u00e9ritage de Roger Tallon en \u00e9ditant et distribuant en exclusivit\u00e9 les mod\u00e8les M400 (diam\u00e8tre 110cm) et la version TH. La production est r\u00e9alis\u00e9e dans les outillages d\u2019origine, dans une fonderie fran\u00e7aise, garantissant ainsi la qualit\u00e9 et l\u2019authenticit\u00e9 de ces pi\u00e8ces exceptionnelles.<\/p>\n<p>Contactez Sentou pour en savoir plus et obtenir un devis personnalis\u00e9 : <a href=\"mailto:web@sentou.fr\">web@sentou.fr<\/a><\/p>","protected":false},"featured_media":4759,"template":"","meta":{"site-sidebar-layout":"default","site-content-layout":"default","ast-site-content-layout":"default","site-content-style":"default","site-sidebar-style":"default","ast-global-header-display":"","ast-banner-title-visibility":"","ast-main-header-display":"","ast-hfb-above-header-display":"","ast-hfb-below-header-display":"","ast-hfb-mobile-header-display":"","site-post-title":"","ast-breadcrumbs-content":"","ast-featured-img":"","footer-sml-layout":"","ast-disable-related-posts":"","theme-transparent-header-meta":"default","adv-header-id-meta":"","stick-header-meta":"default","header-above-stick-meta":"","header-main-stick-meta":"","header-below-stick-meta":"","astra-migrate-meta-layouts":"set","ast-page-background-enabled":"default","ast-page-background-meta":{"desktop":{"background-color":"","background-image":"","background-repeat":"repeat","background-position":"center center","background-size":"auto","background-attachment":"scroll","background-type":"","background-media":"","overlay-type":"","overlay-color":"","overlay-opacity":"","overlay-gradient":""},"tablet":{"background-color":"","background-image":"","background-repeat":"repeat","background-position":"center center","background-size":"auto","background-attachment":"scroll","background-type":"","background-media":"","overlay-type":"","overlay-color":"","overlay-opacity":"","overlay-gradient":""},"mobile":{"background-color":"","background-image":"","background-repeat":"repeat","background-position":"center center","background-size":"auto","background-attachment":"scroll","background-type":"","background-media":"","overlay-type":"","overlay-color":"","overlay-opacity":"","overlay-gradient":""}},"ast-content-background-meta":{"desktop":{"background-color":"var(--ast-global-color-5)","background-image":"","background-repeat":"repeat","background-position":"center center","background-size":"auto","background-attachment":"scroll","background-type":"","background-media":"","overlay-type":"","overlay-color":"","overlay-opacity":"","overlay-gradient":""},"tablet":{"background-color":"var(--ast-global-color-5)","background-image":"","background-repeat":"repeat","background-position":"center center","background-size":"auto","background-attachment":"scroll","background-type":"","background-media":"","overlay-type":"","overlay-color":"","overlay-opacity":"","overlay-gradient":""},"mobile":{"background-color":"var(--ast-global-color-5)","background-image":"","background-repeat":"repeat","background-position":"center center","background-size":"auto","background-attachment":"scroll","background-type":"","background-media":"","overlay-type":"","overlay-color":"","overlay-opacity":"","overlay-gradient":""}}},"product_brand":[],"product_cat":[18,570,573,86,74],"product_tag":[210,221],"class_list":{"0":"post-247","1":"product","2":"type-product","3":"status-publish","4":"has-post-thumbnail","6":"product_cat-mobilier","7":"product_cat-collectors","8":"product_cat-design","9":"product_cat-escaliers","10":"product_cat-roger-tallon","11":"product_tag-m400","12":"product_tag-roger-tallon","13":"desktop-align-left","14":"tablet-align-left","15":"mobile-align-left","16":"ast-product-gallery-layout-horizontal","17":"ast-product-gallery-with-no-image","18":"ast-qv-on-image","20":"first","21":"instock","22":"featured","23":"sold-individually","24":"taxable","25":"shipping-taxable","26":"product-type-simple"},"_links":{"self":[{"href":"https:\/\/sentou.fr\/el\/wp-json\/wp\/v2\/product\/247","targetHints":{"allow":["GET"]}}],"collection":[{"href":"https:\/\/sentou.fr\/el\/wp-json\/wp\/v2\/product"}],"about":[{"href":"https:\/\/sentou.fr\/el\/wp-json\/wp\/v2\/types\/product"}],"wp:featuredmedia":[{"embeddable":true,"href":"https:\/\/sentou.fr\/el\/wp-json\/wp\/v2\/media\/4759"}],"wp:attachment":[{"href":"https:\/\/sentou.fr\/el\/wp-json\/wp\/v2\/media?parent=247"}],"wp:term":[{"taxonomy":"product_brand","embeddable":true,"href":"https:\/\/sentou.fr\/el\/wp-json\/wp\/v2\/product_brand?post=247"},{"taxonomy":"product_cat","embeddable":true,"href":"https:\/\/sentou.fr\/el\/wp-json\/wp\/v2\/product_cat?post=247"},{"taxonomy":"product_tag","embeddable":true,"href":"https:\/\/sentou.fr\/el\/wp-json\/wp\/v2\/product_tag?post=247"}],"curies":[{"name":"wp","href":"https:\/\/api.w.org\/{rel}","templated":true}]}}

<p><strong style="font-weight: bold; color: #4f4f4f;">Dimensions :</strong> Sur mesure</p>
<p><strong style="font-weight: bold; color: #4f4f4f;">Matériau : </strong>Fonte d&rsquo;aluminium poli<span style="color: #4f4f4f;"><span style="color: #000000;"><br />
</span></span></p>
<p><strong>Fabriqué en France </strong></p>
<p><strong>Les éditions Sentou des escaliers ne sont pas des ré-éditions mais la poursuite de l&rsquo;édition suivant les mêmes techniques et les outillages d&rsquo;origine = il n&rsquo;existe aucune différence entre les premières productions des années 60 et celles d&rsquo;aujourd&rsquo;hui </strong></p>

<p><strong>Icône du Design signée Roger Tallon : </strong>L’escalier M400, chef-d’œuvre iconique, est bien plus qu’un simple élément fonctionnel : c’est une véritable sculpture aérienne qui semble défier la gravité. Imaginé en 1966 par le visionnaire <a href="https://sentou.fr/el/roger-tallon/">Roger Tallon</a>, cet escalier incarne l’élégance et la modernité.</p>
<p><strong>Un peu d’histoire: </strong>Initialement conçu pour le CIFOM dans le cadre d’un projet explorant les applications de la fonte d’acier, l’escalier M400 a rapidement rencontré un succès retentissant. D’abord produit en acier, il a ensuite été édité en fonte d’aluminium à partir de 1968 par la galerie Lacloche, qui l’a proposé dans trois diamètres différents.</p>
<p>En 1974, Roger Tallon a créé une deuxième version, le modèle TH, combinant des noyaux en aluminium et des marches en bois lamellé.</p>
<p><strong>L’héritage Sentou </strong>Depuis 1986, Sentou perpétue l’héritage de Roger Tallon en éditant et distribuant en exclusivité les modèles M400 (diamètre 110cm) et la version TH. La production est réalisée dans les outillages d’origine, dans une fonderie française, garantissant ainsi la qualité et l’authenticité de ces pièces exceptionnelles.</p>
<p>Contactez Sentou pour en savoir plus et obtenir un devis personnalisé : <a href="mailto:web@sentou.fr">web@sentou.fr</a></p>
